{"id":27,"date":"2017-12-10T19:26:40","date_gmt":"2017-12-10T18:26:40","guid":{"rendered":"https:\/\/www.joseconti.com\/cursos-online\/?page_id=27"},"modified":"2019-12-08T19:05:32","modified_gmt":"2019-12-08T18:05:32","slug":"cursos-online","status":"publish","type":"page","link":"https:\/\/www.joseconti.com\/cursos-online\/","title":{"rendered":"Cursos Online"},"content":{"rendered":"<section class=\"wpb-content-wrapper\"><p>[vc_row full_width=\u00bbstretch_row_content_no_spaces\u00bb equal_height=\u00bbyes\u00bb content_placement=\u00bbtop\u00bb][vc_column width=\u00bb1\/3&#8243; css=\u00bb.vc_custom_1574680736227{padding-top: 50px !important;padding-right: 50px !important;padding-bottom: 50px !important;padding-left: 50px !important;background-color: #ececec !important;}\u00bb][vc_single_image image=\u00bb4738&#8243; img_size=\u00bb200&#215;200&#8243; alignment=\u00bbcenter\u00bb onclick=\u00bbcustom_link\u00bb link=\u00bbhttps:\/\/www.joseconti.com\/cursos-online\/wordpress\/\u00bb][vc_column_text css=\u00bb.vc_custom_1574764674939{padding-top: 15px !important;padding-right: 5px !important;padding-bottom: 15px !important;padding-left: 5px !important;background-color: #bfbfbf !important;}\u00bb]<\/p>\n<h2 style=\"text-align: center;\">Curso WordPress<\/h2>\n<p>[\/vc_column_text][vc_column_text]Curso completo de WordPress. Aprende desde el principio al final sobre WordPress con este curso completo.<\/p>\n<p><a href=\"https:\/\/www.joseconti.com\/cursos-online\/wordpress\/\">Accede al curso<\/a>[\/vc_column_text][\/vc_column][vc_column width=\u00bb1\/3&#8243; css=\u00bb.vc_custom_1574680743879{padding-top: 50px !important;padding-right: 50px !important;padding-bottom: 50px !important;padding-left: 50px !important;background-color: #fbfafa !important;}\u00bb][vc_single_image image=\u00bb4741&#8243; img_size=\u00bb200&#215;200&#8243; alignment=\u00bbcenter\u00bb onclick=\u00bbcustom_link\u00bb link=\u00bbhttps:\/\/www.joseconti.com\/cursos-online\/wordpress-multisite\/\u00bb][vc_column_text css=\u00bb.vc_custom_1574764662328{padding-top: 15px !important;padding-right: 5px !important;padding-bottom: 15px !important;padding-left: 5px !important;background-color: #bfbfbf !important;}\u00bb]<\/p>\n<h2 style=\"text-align: center;\">Curso WordPress Multisite<\/h2>\n<p>[\/vc_column_text][vc_column_text]Curso completo de WordPress Multisite, o Multisitio. Aprende desde el principio al final sobre WordPress Multisite (Multi sitio) con este curso completo.<\/p>\n<p><a href=\"https:\/\/www.joseconti.com\/cursos-online\/wordpress-multisite\/\">Accede al curso<\/a>[\/vc_column_text][\/vc_column][vc_column width=\u00bb1\/3&#8243; css=\u00bb.vc_custom_1574677955316{padding-top: 50px !important;padding-right: 50px !important;padding-bottom: 50px !important;padding-left: 50px !important;background-color: #ececec !important;}\u00bb][vc_single_image image=\u00bb4746&#8243; img_size=\u00bbfull\u00bb alignment=\u00bbcenter\u00bb onclick=\u00bbcustom_link\u00bb link=\u00bbhttps:\/\/www.joseconti.com\/cursos-online\/multilingualpress\/\u00bb][vc_column_text css=\u00bb.vc_custom_1574764649020{padding-top: 15px !important;padding-right: 5px !important;padding-bottom: 15px !important;padding-left: 5px !important;background-color: #bfbfbf !important;}\u00bb]<\/p>\n<h2 style=\"text-align: center;\">Curso MultilingualPress<\/h2>\n<p>[\/vc_column_text][vc_column_text]Curso completo de MultilingualPress (WordPress Multi idioma), la forma m\u00e1s sencilla de tener tu WordPress en varios idiomas. Aprende desde el principio al final sobre MultilingualPress con este curso completo.<\/p>\n<p><a href=\"https:\/\/www.joseconti.com\/cursos-online\/multilingualpress\/\">Accede al curso<\/a>[\/vc_column_text][\/vc_column][\/vc_row][vc_row full_width=\u00bbstretch_row_content_no_spaces\u00bb equal_height=\u00bbyes\u00bb][vc_column width=\u00bb1\/3&#8243; css=\u00bb.vc_custom_1574678402774{padding-top: 50px !important;padding-right: 50px !important;padding-bottom: 50px !important;padding-left: 50px !important;background-color: #fbfafa !important;}\u00bb][vc_single_image image=\u00bb4752&#8243; img_size=\u00bbfull\u00bb alignment=\u00bbcenter\u00bb onclick=\u00bbcustom_link\u00bb link=\u00bbhttps:\/\/www.joseconti.com\/cursos-online\/whm\/\u00bb][vc_column_text css=\u00bb.vc_custom_1574764619148{padding-top: 15px !important;padding-right: 5px !important;padding-bottom: 15px !important;padding-left: 5px !important;background-color: #bfbfbf !important;}\u00bb]<\/p>\n<h2 style=\"text-align: center;\">Curso WHM<\/h2>\n<p>[\/vc_column_text][vc_column_text]Curso completo de WHM (cPanel). Aprende desde el principio al final sobre WHM con este curso completo.<\/p>\n<p><a href=\"https:\/\/www.joseconti.com\/cursos-online\/whm\/\">Accede al curso<\/a>[\/vc_column_text][\/vc_column][vc_column width=\u00bb1\/3&#8243; css=\u00bb.vc_custom_1574678325663{padding-top: 50px !important;padding-right: 50px !important;padding-bottom: 50px !important;padding-left: 50px !important;background-color: #ececec !important;}\u00bb][vc_single_image image=\u00bb4755&#8243; img_size=\u00bb200&#215;129&#8243; alignment=\u00bbcenter\u00bb onclick=\u00bbcustom_link\u00bb link=\u00bbhttps:\/\/www.joseconti.com\/cursos-online\/cpanel\/\u00bb][vc_column_text css=\u00bb.vc_custom_1574764640875{padding-top: 15px !important;padding-right: 5px !important;padding-bottom: 15px !important;padding-left: 5px !important;background-color: #bfbfbf !important;}\u00bb]<\/p>\n<h2 style=\"text-align: center;\">Curso cPanel<\/h2>\n<p>[\/vc_column_text][vc_column_text]Curso completo de cPanel. Aprende desde el principio al final sobre c\u00f3mo utilizar cPanel, el panel de control de hosting m\u00e1s extendido del mundo.<\/p>\n<p><a href=\"https:\/\/www.joseconti.com\/cursos-online\/cpanel\/\">Accede al curso<\/a>[\/vc_column_text][\/vc_column][vc_column width=\u00bb1\/3&#8243; css=\u00bb.vc_custom_1574678393586{padding-top: 50px !important;padding-right: 50px !important;padding-bottom: 50px !important;padding-left: 50px !important;background-color: #fbfafa !important;}\u00bb][vc_single_image image=\u00bb4762&#8243; img_size=\u00bb200&#215;168&#8243; alignment=\u00bbcenter\u00bb onclick=\u00bbcustom_link\u00bb link=\u00bbhttps:\/\/www.joseconti.com\/cursos-online\/woocommerce\/\u00bb][vc_column_text css=\u00bb.vc_custom_1574683496393{padding-top: 15px !important;padding-right: 5px !important;padding-bottom: 15px !important;padding-left: 5px !important;background-color: #bfbfbf !important;}\u00bb]<\/p>\n<h2 style=\"text-align: center;\">Curso WooCommerce<\/h2>\n<p>[\/vc_column_text][vc_column_text]Curso completo de WooCommerce. Aprende desde el principio al final sobre c\u00f3mo utilizar WooCommerce, el panel de control de hosting m\u00e1s extendido del mundo.<\/p>\n<p><a href=\"https:\/\/www.joseconti.com\/cursos-online\/woocommerce\/\">Accede al curso<\/a>[\/vc_column_text][\/vc_column][\/vc_row][vc_row full_width=\u00bbstretch_row_content_no_spaces\u00bb equal_height=\u00bbyes\u00bb][vc_column width=\u00bb1\/3&#8243; css=\u00bb.vc_custom_1574678336896{padding-top: 50px !important;padding-right: 50px !important;padding-bottom: 50px !important;padding-left: 50px !important;background-color: #ececec !important;}\u00bb][\/vc_column][vc_column width=\u00bb1\/3&#8243; css=\u00bb.vc_custom_1574678410541{padding-top: 50px !important;padding-right: 50px !important;padding-bottom: 50px !important;padding-left: 50px !important;background-color: #fbfafa !important;}\u00bb][vc_single_image image=\u00bb4765&#8243; img_size=\u00bbfull\u00bb alignment=\u00bbcenter\u00bb onclick=\u00bbcustom_link\u00bb link=\u00bbhttps:\/\/www.joseconti.com\/cursos-online\/curso-wordpress-la-salle\/\u00bb][vc_column_text css=\u00bb.vc_custom_1574764606077{padding-top: 15px !important;padding-right: 5px !important;padding-bottom: 15px !important;padding-left: 5px !important;background-color: #bfbfbf !important;}\u00bb]<\/p>\n<h2 style=\"text-align: center;\">Curso WordPress<br \/>\nLa Salle<\/h2>\n<p>[\/vc_column_text][vc_column_text]Curso completo de WordPress realizado en La Salle. Aprende desde el principio al final sobre c\u00f3mo utilizar WordPress.<\/p>\n<p><a href=\"https:\/\/www.joseconti.com\/cursos-online\/curso-wordpress-la-salle\/\">Accede al curso<\/a>[\/vc_column_text][\/vc_column][vc_column width=\u00bb1\/3&#8243; css=\u00bb.vc_custom_1574678348070{padding-top: 50px !important;padding-right: 50px !important;padding-bottom: 50px !important;padding-left: 50px !important;background-color: #ececec !important;}\u00bb][\/vc_column][\/vc_row][vc_row full_width=\u00bbstretch_row_content_no_spaces\u00bb bg_type=\u00bbbg_color\u00bb bg_override=\u00bbfull\u00bb bg_color_value=\u00bb#2e2b36&#8243;][vc_column][vc_empty_space][vc_column_text]<\/p>\n<h2 style=\"text-align: center;\"><span style=\"color: #ffffff;\">Talleres<\/span><\/h2>\n<p>[\/vc_column_text][vc_empty_space][\/vc_column][\/vc_row][vc_row full_width=\u00bbstretch_row_content_no_spaces\u00bb equal_height=\u00bbyes\u00bb][vc_column width=\u00bb1\/3&#8243; css=\u00bb.vc_custom_1574678422969{padding-top: 50px !important;padding-right: 50px !important;padding-bottom: 50px !important;padding-left: 50px !important;background-color: #fbfafa !important;}\u00bb][vc_column_text css=\u00bb.vc_custom_1574764684347{padding-top: 15px !important;padding-right: 5px !important;padding-bottom: 15px !important;padding-left: 5px !important;background-color: #bfbfbf !important;}\u00bb]<\/p>\n<h2 style=\"text-align: center;\">Pasar dos WordPress<br \/>\na un MultilingualPress<\/h2>\n<p>[\/vc_column_text][vc_column_text]Aprende en este taller c\u00f3mo pasar dos WordPress a un MultilingualPress. Ya no tendr\u00e1s que estar preocupado por varios WordPress diferentes en diferentes idiomas.<\/p>\n<p><a href=\"https:\/\/www.joseconti.com\/cursos-online\/como-pasar-de-2-wordpress-a-1-solo-wordpress-multi-idioma\/\">Accede al taller<\/a>[\/vc_column_text][\/vc_column][vc_column width=\u00bb1\/3&#8243; css=\u00bb.vc_custom_1574678464902{padding-top: 50px !important;padding-right: 50px !important;padding-bottom: 50px !important;padding-left: 50px !important;background-color: #ececec !important;}\u00bb][vc_column_text css=\u00bb.vc_custom_1574764692152{padding-top: 15px !important;padding-right: 5px !important;padding-bottom: 15px !important;padding-left: 5px !important;background-color: #bfbfbf !important;}\u00bb]<\/p>\n<h2 style=\"text-align: center;\">Clonar un sitio<br \/>\nde WordPress<\/h2>\n<p>[\/vc_column_text][vc_column_text]Aprende a clear plantillas de WordPress completos para su posterior reutilizaci\u00f3n y no tener que comenzar siempre desde cero, o simplemente para migrar tu WordPress de una forma muy sencilla a otro hosting.<\/p>\n<p><a href=\"https:\/\/www.joseconti.com\/cursos-online\/taller-clonar-sitio-wordpress-normal-para-reutilizacion\/\">Accede al taller<\/a>[\/vc_column_text][\/vc_column][vc_column width=\u00bb1\/3&#8243; css=\u00bb.vc_custom_1574678432321{padding-top: 50px !important;padding-right: 50px !important;padding-bottom: 50px !important;padding-left: 50px !important;background-color: #fbfafa !important;}\u00bb][vc_column_text css=\u00bb.vc_custom_1574764699590{padding-top: 15px !important;padding-right: 5px !important;padding-bottom: 15px !important;padding-left: 5px !important;background-color: #bfbfbf !important;}\u00bb]<\/p>\n<h2 style=\"text-align: center;\">Blogging en<br \/>\ndirecto<\/h2>\n<p>[\/vc_column_text][vc_column_text]Aprende a clear un sitio de blogging en directo, para por ejemplo cuando deseas cubrir un evento e ir explicando todo lo que acontece en \u00e9l.<\/p>\n<p><a href=\"https:\/\/www.joseconti.com\/cursos-online\/blogging-en-directo-live-blogging\/\">Accede al taller<\/a>[\/vc_column_text][\/vc_column][\/vc_row][vc_row full_width=\u00bbstretch_row_content_no_spaces\u00bb bg_type=\u00bbbg_color\u00bb bg_override=\u00bbfull\u00bb bg_color_value=\u00bb#2e2b36&#8243;][vc_column][vc_empty_space][vc_column_text]<\/p>\n<h2 style=\"text-align: center;\"><span style=\"color: #ffffff;\">Cursos exclusivos para alumnos presenciales<\/span><\/h2>\n<p>[\/vc_column_text][vc_empty_space][\/vc_column][\/vc_row][vc_row full_width=\u00bbstretch_row_content_no_spaces\u00bb equal_height=\u00bbyes\u00bb][vc_column width=\u00bb1\/3&#8243; css=\u00bb.vc_custom_1575827896113{padding-top: 50px !important;padding-right: 50px !important;padding-bottom: 50px !important;padding-left: 50px !important;background-color: #ececec !important;}\u00bb][\/vc_column][vc_column width=\u00bb1\/3&#8243; css=\u00bb.vc_custom_1575827867038{padding-top: 50px !important;padding-right: 50px !important;padding-bottom: 50px !important;padding-left: 50px !important;background-color: #fbfafa !important;}\u00bb][vc_column_text css=\u00bb.vc_custom_1575827784492{padding-top: 15px !important;padding-right: 5px !important;padding-bottom: 15px !important;padding-left: 5px !important;background-color: #bfbfbf !important;}\u00bb]<\/p>\n<h2 style=\"text-align: center;\">Curso WooCommerce<br \/>\nDiciembre 2019<\/h2>\n<p>[\/vc_column_text][vc_column_text]Todas las clases del curso completo de WooCommerce de diciembre de 2019<\/p>\n<p><a href=\"https:\/\/www.joseconti.com\/cursos-online\/curso-woocommerce-diciembre-2019\/\">Accede al curso<\/a>[\/vc_column_text][\/vc_column][vc_column width=\u00bb1\/3&#8243; css=\u00bb.vc_custom_1575827907316{padding-top: 50px !important;padding-right: 50px !important;padding-bottom: 50px !important;padding-left: 50px !important;background-color: #ececec !important;}\u00bb][\/vc_column][\/vc_row]<\/p>\n<\/section>","protected":false},"excerpt":{"rendered":"<p>[vc_row full_width=\u00bbstretch_row_content_no_spaces\u00bb equal_height=\u00bbyes\u00bb content_placement=\u00bbtop\u00bb][vc_column width=\u00bb1\/3&#8243; css=\u00bb.vc_custom_1574680736227{padding-top: 50px !important;padding-right: 50px !important;padding-bottom: 50px !important;padding-left: 50px !important;background-color: #ececec !important;}\u00bb][vc_single_image image=\u00bb4738&#8243; img_size=\u00bb200&#215;200&#8243; alignment=\u00bbcenter\u00bb onclick=\u00bbcustom_link\u00bb link=\u00bbhttps:\/\/www.joseconti.com\/cursos-online\/wordpress\/\u00bb][vc_column_text css=\u00bb.vc_custom_1574764674939{padding-top: 15px !important;padding-right: 5px !important;padding-bottom: 15px !important;padding-left: 5px !important;background-color: #bfbfbf !important;}\u00bb] Curso WordPress [\/vc_column_text][vc_column_text]Curso completo de WordPress. Aprende desde el principio al final sobre WordPress con este curso completo. Accede al curso[\/vc_column_text][\/vc_column][vc_column width=\u00bb1\/3&#8243; css=\u00bb.vc_custom_1574680743879{padding-top:&hellip;<\/p>\n","protected":false},"author":1,"featured_media":0,"parent":0,"menu_order":0,"comment_status":"closed","ping_status":"closed","template":"","meta":{"pmpro_default_level":"","footnotes":""},"class_list":["post-27","page","type-page","status-publish","hentry","pmpro-has-access","description-off"],"yoast_head":"<!-- This site is optimized with the Yoast SEO plugin v27.3 - https:\/\/yoast.com\/product\/yoast-seo-wordpress\/ -->\n<title>Cursos Online - Cursos online Jos\u00e9 Conti<\/title>\n<meta name=\"robots\" content=\"index, follow, max-snippet:-1, max-image-preview:large, max-video-preview:-1\" \/>\n<link rel=\"canonical\" href=\"https:\/\/www.joseconti.com\/cursos-online\/\" \/>\n<meta property=\"og:locale\" content=\"es_ES\" \/>\n<meta property=\"og:type\" content=\"article\" \/>\n<meta property=\"og:title\" content=\"Cursos Online - Cursos online Jos\u00e9 Conti\" \/>\n<meta property=\"og:description\" content=\"[vc_row full_width=\u00bbstretch_row_content_no_spaces\u00bb equal_height=\u00bbyes\u00bb content_placement=\u00bbtop\u00bb][vc_column width=\u00bb1\/3&#8243; css=\u00bb.vc_custom_1574680736227{padding-top: 50px !important;padding-right: 50px !important;padding-bottom: 50px !important;padding-left: 50px !important;background-color: #ececec !important;}\u00bb][vc_single_image image=\u00bb4738&#8243; img_size=\u00bb200&#215;200&#8243; alignment=\u00bbcenter\u00bb onclick=\u00bbcustom_link\u00bb link=\u00bbhttps:\/\/www.joseconti.com\/cursos-online\/wordpress\/\u00bb][vc_column_text css=\u00bb.vc_custom_1574764674939{padding-top: 15px !important;padding-right: 5px !important;padding-bottom: 15px !important;padding-left: 5px !important;background-color: #bfbfbf !important;}\u00bb] Curso WordPress [\/vc_column_text][vc_column_text]Curso completo de WordPress. Aprende desde el principio al final sobre WordPress con este curso completo. Accede al curso[\/vc_column_text][\/vc_column][vc_column width=\u00bb1\/3&#8243; css=\u00bb.vc_custom_1574680743879{padding-top:&hellip;\" \/>\n<meta property=\"og:url\" content=\"https:\/\/www.joseconti.com\/cursos-online\/\" \/>\n<meta property=\"og:site_name\" content=\"Cursos online Jos\u00e9 Conti\" \/>\n<meta property=\"article:modified_time\" content=\"2019-12-08T18:05:32+00:00\" \/>\n<meta name=\"twitter:card\" content=\"summary_large_image\" \/>\n<meta name=\"twitter:site\" content=\"@josecontic\" \/>\n<meta name=\"twitter:label1\" content=\"Tiempo de lectura\" \/>\n\t<meta name=\"twitter:data1\" content=\"6 minutos\" \/>\n<script type=\"application\/ld+json\" class=\"yoast-schema-graph\">{\"@context\":\"https:\\\/\\\/schema.org\",\"@graph\":[{\"@type\":\"WebPage\",\"@id\":\"https:\\\/\\\/www.joseconti.com\\\/cursos-online\\\/\",\"url\":\"https:\\\/\\\/www.joseconti.com\\\/cursos-online\\\/\",\"name\":\"Cursos Online - Cursos online Jos\u00e9 Conti\",\"isPartOf\":{\"@id\":\"https:\\\/\\\/www.joseconti.com\\\/cursos-online\\\/#website\"},\"datePublished\":\"2017-12-10T18:26:40+00:00\",\"dateModified\":\"2019-12-08T18:05:32+00:00\",\"breadcrumb\":{\"@id\":\"https:\\\/\\\/www.joseconti.com\\\/cursos-online\\\/#breadcrumb\"},\"inLanguage\":\"es\",\"potentialAction\":[{\"@type\":\"ReadAction\",\"target\":[\"https:\\\/\\\/www.joseconti.com\\\/cursos-online\\\/\"]}]},{\"@type\":\"BreadcrumbList\",\"@id\":\"https:\\\/\\\/www.joseconti.com\\\/cursos-online\\\/#breadcrumb\",\"itemListElement\":[{\"@type\":\"ListItem\",\"position\":1,\"name\":\"Portada\",\"item\":\"https:\\\/\\\/www.joseconti.com\\\/cursos-online\\\/\"},{\"@type\":\"ListItem\",\"position\":2,\"name\":\"Cursos Online\"}]},{\"@type\":\"WebSite\",\"@id\":\"https:\\\/\\\/www.joseconti.com\\\/cursos-online\\\/#website\",\"url\":\"https:\\\/\\\/www.joseconti.com\\\/cursos-online\\\/\",\"name\":\"Cursos online Jos\u00e9 Conti\",\"description\":\"Me gustar\u00eda cambiar el mundo, pero no encuentro el c\u00f3digo fuente\",\"publisher\":{\"@id\":\"https:\\\/\\\/www.joseconti.com\\\/cursos-online\\\/#\\\/schema\\\/person\\\/70180751d692bf6cd51282a0cda96a72\"},\"potentialAction\":[{\"@type\":\"SearchAction\",\"target\":{\"@type\":\"EntryPoint\",\"urlTemplate\":\"https:\\\/\\\/www.joseconti.com\\\/cursos-online\\\/?s={search_term_string}\"},\"query-input\":{\"@type\":\"PropertyValueSpecification\",\"valueRequired\":true,\"valueName\":\"search_term_string\"}}],\"inLanguage\":\"es\"},{\"@type\":[\"Person\",\"Organization\"],\"@id\":\"https:\\\/\\\/www.joseconti.com\\\/cursos-online\\\/#\\\/schema\\\/person\\\/70180751d692bf6cd51282a0cda96a72\",\"name\":\"Jos\u00e9 Conti\",\"image\":{\"@type\":\"ImageObject\",\"inLanguage\":\"es\",\"@id\":\"https:\\\/\\\/www.joseconti.com\\\/cursos-online\\\/wp-content\\\/uploads\\\/2017\\\/12\\\/logo.png\",\"url\":\"https:\\\/\\\/www.joseconti.com\\\/cursos-online\\\/wp-content\\\/uploads\\\/2017\\\/12\\\/logo.png\",\"contentUrl\":\"https:\\\/\\\/www.joseconti.com\\\/cursos-online\\\/wp-content\\\/uploads\\\/2017\\\/12\\\/logo.png\",\"width\":421,\"height\":77,\"caption\":\"Jos\u00e9 Conti\"},\"logo\":{\"@id\":\"https:\\\/\\\/www.joseconti.com\\\/cursos-online\\\/wp-content\\\/uploads\\\/2017\\\/12\\\/logo.png\"},\"description\":\"Pertenezco al equipo de traducci\u00f3n oficial de WordPress Espa\u00f1a, soy amante de WordPress por su sencillez de uso y potencial. Trabajo con WordPress desde finales de 2004, principios de 2005. Realizo mantenimientos de webs realizadas con WordPress y WooCommerce entre otras muchas cosas.\",\"sameAs\":[\"https:\\\/\\\/www.joseconti.com\",\"https:\\\/\\\/x.com\\\/josecontic\",\"https:\\\/\\\/www.youtube.com\\\/joseconti\"]}]}<\/script>\n<!-- \/ Yoast SEO plugin. -->","yoast_head_json":{"title":"Cursos Online - Cursos online Jos\u00e9 Conti","robots":{"index":"index","follow":"follow","max-snippet":"max-snippet:-1","max-image-preview":"max-image-preview:large","max-video-preview":"max-video-preview:-1"},"canonical":"https:\/\/www.joseconti.com\/cursos-online\/","og_locale":"es_ES","og_type":"article","og_title":"Cursos Online - Cursos online Jos\u00e9 Conti","og_description":"[vc_row full_width=\u00bbstretch_row_content_no_spaces\u00bb equal_height=\u00bbyes\u00bb content_placement=\u00bbtop\u00bb][vc_column width=\u00bb1\/3&#8243; css=\u00bb.vc_custom_1574680736227{padding-top: 50px !important;padding-right: 50px !important;padding-bottom: 50px !important;padding-left: 50px !important;background-color: #ececec !important;}\u00bb][vc_single_image image=\u00bb4738&#8243; img_size=\u00bb200&#215;200&#8243; alignment=\u00bbcenter\u00bb onclick=\u00bbcustom_link\u00bb link=\u00bbhttps:\/\/www.joseconti.com\/cursos-online\/wordpress\/\u00bb][vc_column_text css=\u00bb.vc_custom_1574764674939{padding-top: 15px !important;padding-right: 5px !important;padding-bottom: 15px !important;padding-left: 5px !important;background-color: #bfbfbf !important;}\u00bb] Curso WordPress [\/vc_column_text][vc_column_text]Curso completo de WordPress. Aprende desde el principio al final sobre WordPress con este curso completo. Accede al curso[\/vc_column_text][\/vc_column][vc_column width=\u00bb1\/3&#8243; css=\u00bb.vc_custom_1574680743879{padding-top:&hellip;","og_url":"https:\/\/www.joseconti.com\/cursos-online\/","og_site_name":"Cursos online Jos\u00e9 Conti","article_modified_time":"2019-12-08T18:05:32+00:00","twitter_card":"summary_large_image","twitter_site":"@josecontic","twitter_misc":{"Tiempo de lectura":"6 minutos"},"schema":{"@context":"https:\/\/schema.org","@graph":[{"@type":"WebPage","@id":"https:\/\/www.joseconti.com\/cursos-online\/","url":"https:\/\/www.joseconti.com\/cursos-online\/","name":"Cursos Online - Cursos online Jos\u00e9 Conti","isPartOf":{"@id":"https:\/\/www.joseconti.com\/cursos-online\/#website"},"datePublished":"2017-12-10T18:26:40+00:00","dateModified":"2019-12-08T18:05:32+00:00","breadcrumb":{"@id":"https:\/\/www.joseconti.com\/cursos-online\/#breadcrumb"},"inLanguage":"es","potentialAction":[{"@type":"ReadAction","target":["https:\/\/www.joseconti.com\/cursos-online\/"]}]},{"@type":"BreadcrumbList","@id":"https:\/\/www.joseconti.com\/cursos-online\/#breadcrumb","itemListElement":[{"@type":"ListItem","position":1,"name":"Portada","item":"https:\/\/www.joseconti.com\/cursos-online\/"},{"@type":"ListItem","position":2,"name":"Cursos Online"}]},{"@type":"WebSite","@id":"https:\/\/www.joseconti.com\/cursos-online\/#website","url":"https:\/\/www.joseconti.com\/cursos-online\/","name":"Cursos online Jos\u00e9 Conti","description":"Me gustar\u00eda cambiar el mundo, pero no encuentro el c\u00f3digo fuente","publisher":{"@id":"https:\/\/www.joseconti.com\/cursos-online\/#\/schema\/person\/70180751d692bf6cd51282a0cda96a72"},"potentialAction":[{"@type":"SearchAction","target":{"@type":"EntryPoint","urlTemplate":"https:\/\/www.joseconti.com\/cursos-online\/?s={search_term_string}"},"query-input":{"@type":"PropertyValueSpecification","valueRequired":true,"valueName":"search_term_string"}}],"inLanguage":"es"},{"@type":["Person","Organization"],"@id":"https:\/\/www.joseconti.com\/cursos-online\/#\/schema\/person\/70180751d692bf6cd51282a0cda96a72","name":"Jos\u00e9 Conti","image":{"@type":"ImageObject","inLanguage":"es","@id":"https:\/\/www.joseconti.com\/cursos-online\/wp-content\/uploads\/2017\/12\/logo.png","url":"https:\/\/www.joseconti.com\/cursos-online\/wp-content\/uploads\/2017\/12\/logo.png","contentUrl":"https:\/\/www.joseconti.com\/cursos-online\/wp-content\/uploads\/2017\/12\/logo.png","width":421,"height":77,"caption":"Jos\u00e9 Conti"},"logo":{"@id":"https:\/\/www.joseconti.com\/cursos-online\/wp-content\/uploads\/2017\/12\/logo.png"},"description":"Pertenezco al equipo de traducci\u00f3n oficial de WordPress Espa\u00f1a, soy amante de WordPress por su sencillez de uso y potencial. Trabajo con WordPress desde finales de 2004, principios de 2005. Realizo mantenimientos de webs realizadas con WordPress y WooCommerce entre otras muchas cosas.","sameAs":["https:\/\/www.joseconti.com","https:\/\/x.com\/josecontic","https:\/\/www.youtube.com\/joseconti"]}]}},"jetpack_shortlink":"https:\/\/wp.me\/P9sNL4-r","jetpack_sharing_enabled":true,"_links":{"self":[{"href":"https:\/\/www.joseconti.com\/cursos-online\/wp-json\/wp\/v2\/pages\/27","targetHints":{"allow":["GET"]}}],"collection":[{"href":"https:\/\/www.joseconti.com\/cursos-online\/wp-json\/wp\/v2\/pages"}],"about":[{"href":"https:\/\/www.joseconti.com\/cursos-online\/wp-json\/wp\/v2\/types\/page"}],"author":[{"embeddable":true,"href":"https:\/\/www.joseconti.com\/cursos-online\/wp-json\/wp\/v2\/users\/1"}],"replies":[{"embeddable":true,"href":"https:\/\/www.joseconti.com\/cursos-online\/wp-json\/wp\/v2\/comments?post=27"}],"version-history":[{"count":0,"href":"https:\/\/www.joseconti.com\/cursos-online\/wp-json\/wp\/v2\/pages\/27\/revisions"}],"wp:attachment":[{"href":"https:\/\/www.joseconti.com\/cursos-online\/wp-json\/wp\/v2\/media?parent=27"}],"curies":[{"name":"wp","href":"https:\/\/api.w.org\/{rel}","templated":true}]}}