{"id":86,"date":"2017-12-11T01:14:50","date_gmt":"2017-12-11T00:14:50","guid":{"rendered":"https:\/\/www.joseconti.com\/cursos-online\/?page_id=86"},"modified":"2017-12-11T19:11:51","modified_gmt":"2017-12-11T18:11:51","slug":"multilingualpress","status":"publish","type":"page","link":"https:\/\/www.joseconti.com\/cursos-online\/multilingualpress\/","title":{"rendered":"MultilingualPress"},"content":{"rendered":"<section class=\"wpb-content-wrapper\"><p>[vc_row][vc_column][vc_cta h2=\u00bbEn desarrollo\u00bb h4=\u00bbEste contenido est\u00e1 en desarrollo. En breve se a\u00f1adir\u00e1n m\u00e1s tutoriales para completarlo.\u00bb txt_align=\u00bbcenter\u00bb style=\u00bbflat\u00bb color=\u00bbpeacoc\u00bb add_icon=\u00bbtop\u00bb i_icon_fontawesome=\u00bbfa fa-info-circle\u00bb i_color=\u00bbwhite\u00bb i_size=\u00bblg\u00bb][\/vc_cta][\/vc_column][\/vc_row][vc_row][vc_column][vc_basic_grid post_type=\u00bbpost\u00bb max_items=\u00bb-1&#8243; orderby=\u00bbtitle\u00bb order=\u00bbASC\u00bb item=\u00bb43&#8243; grid_id=\u00bbvc_gid:1513015755080-24ac4999-665b-8&#8243; taxonomies=\u00bb9&#8243;][\/vc_column][\/vc_row]<\/p>\n<\/section>","protected":false},"excerpt":{"rendered":"<p>[vc_row][vc_column][vc_cta h2=\u00bbEn desarrollo\u00bb h4=\u00bbEste contenido est\u00e1 en desarrollo. En breve se a\u00f1adir\u00e1n m\u00e1s tutoriales para completarlo.\u00bb txt_align=\u00bbcenter\u00bb style=\u00bbflat\u00bb color=\u00bbpeacoc\u00bb add_icon=\u00bbtop\u00bb i_icon_fontawesome=\u00bbfa fa-info-circle\u00bb i_color=\u00bbwhite\u00bb i_size=\u00bblg\u00bb][\/vc_cta][\/vc_column][\/vc_row][vc_row][vc_column][vc_basic_grid post_type=\u00bbpost\u00bb max_items=\u00bb-1&#8243; orderby=\u00bbtitle\u00bb order=\u00bbASC\u00bb item=\u00bb43&#8243; grid_id=\u00bbvc_gid:1513015755080-24ac4999-665b-8&#8243; taxonomies=\u00bb9&#8243;][\/vc_column][\/vc_row]<\/p>\n","protected":false},"author":1,"featured_media":0,"parent":0,"menu_order":0,"comment_status":"closed","ping_status":"closed","template":"page-full-width.php","meta":{"pmpro_default_level":"","footnotes":""},"class_list":["post-86","page","type-page","status-publish","hentry","pmpro-has-access","description-off"],"yoast_head":"<!-- This site is optimized with the Yoast SEO plugin v27.3 - https:\/\/yoast.com\/product\/yoast-seo-wordpress\/ -->\n<title>MultilingualPress - Cursos online Jos\u00e9 Conti<\/title>\n<meta name=\"robots\" content=\"index, follow, max-snippet:-1, max-image-preview:large, max-video-preview:-1\" \/>\n<link rel=\"canonical\" href=\"https:\/\/www.joseconti.com\/cursos-online\/multilingualpress\/\" \/>\n<meta property=\"og:locale\" content=\"es_ES\" \/>\n<meta property=\"og:type\" content=\"article\" \/>\n<meta property=\"og:title\" content=\"MultilingualPress - Cursos online Jos\u00e9 Conti\" \/>\n<meta property=\"og:description\" content=\"[vc_row][vc_column][vc_cta h2=\u00bbEn desarrollo\u00bb h4=\u00bbEste contenido est\u00e1 en desarrollo. En breve se a\u00f1adir\u00e1n m\u00e1s tutoriales para completarlo.\u00bb txt_align=\u00bbcenter\u00bb style=\u00bbflat\u00bb color=\u00bbpeacoc\u00bb add_icon=\u00bbtop\u00bb i_icon_fontawesome=\u00bbfa fa-info-circle\u00bb i_color=\u00bbwhite\u00bb i_size=\u00bblg\u00bb][\/vc_cta][\/vc_column][\/vc_row][vc_row][vc_column][vc_basic_grid post_type=\u00bbpost\u00bb max_items=\u00bb-1&#8243; orderby=\u00bbtitle\u00bb order=\u00bbASC\u00bb item=\u00bb43&#8243; grid_id=\u00bbvc_gid:1513015755080-24ac4999-665b-8&#8243; taxonomies=\u00bb9&#8243;][\/vc_column][\/vc_row]\" \/>\n<meta property=\"og:url\" content=\"https:\/\/www.joseconti.com\/cursos-online\/multilingualpress\/\" \/>\n<meta property=\"og:site_name\" content=\"Cursos online Jos\u00e9 Conti\" \/>\n<meta property=\"article:modified_time\" content=\"2017-12-11T18:11:51+00:00\" \/>\n<meta name=\"twitter:card\" content=\"summary_large_image\" \/>\n<meta name=\"twitter:site\" content=\"@josecontic\" \/>\n<script type=\"application\/ld+json\" class=\"yoast-schema-graph\">{\"@context\":\"https:\\\/\\\/schema.org\",\"@graph\":[{\"@type\":\"WebPage\",\"@id\":\"https:\\\/\\\/www.joseconti.com\\\/cursos-online\\\/multilingualpress\\\/\",\"url\":\"https:\\\/\\\/www.joseconti.com\\\/cursos-online\\\/multilingualpress\\\/\",\"name\":\"MultilingualPress - Cursos online Jos\u00e9 Conti\",\"isPartOf\":{\"@id\":\"https:\\\/\\\/www.joseconti.com\\\/cursos-online\\\/#website\"},\"datePublished\":\"2017-12-11T00:14:50+00:00\",\"dateModified\":\"2017-12-11T18:11:51+00:00\",\"breadcrumb\":{\"@id\":\"https:\\\/\\\/www.joseconti.com\\\/cursos-online\\\/multilingualpress\\\/#breadcrumb\"},\"inLanguage\":\"es\",\"potentialAction\":[{\"@type\":\"ReadAction\",\"target\":[\"https:\\\/\\\/www.joseconti.com\\\/cursos-online\\\/multilingualpress\\\/\"]}]},{\"@type\":\"BreadcrumbList\",\"@id\":\"https:\\\/\\\/www.joseconti.com\\\/cursos-online\\\/multilingualpress\\\/#breadcrumb\",\"itemListElement\":[{\"@type\":\"ListItem\",\"position\":1,\"name\":\"Portada\",\"item\":\"https:\\\/\\\/www.joseconti.com\\\/cursos-online\\\/\"},{\"@type\":\"ListItem\",\"position\":2,\"name\":\"MultilingualPress\"}]},{\"@type\":\"WebSite\",\"@id\":\"https:\\\/\\\/www.joseconti.com\\\/cursos-online\\\/#website\",\"url\":\"https:\\\/\\\/www.joseconti.com\\\/cursos-online\\\/\",\"name\":\"Cursos online Jos\u00e9 Conti\",\"description\":\"Me gustar\u00eda cambiar el mundo, pero no encuentro el c\u00f3digo fuente\",\"publisher\":{\"@id\":\"https:\\\/\\\/www.joseconti.com\\\/cursos-online\\\/#\\\/schema\\\/person\\\/70180751d692bf6cd51282a0cda96a72\"},\"potentialAction\":[{\"@type\":\"SearchAction\",\"target\":{\"@type\":\"EntryPoint\",\"urlTemplate\":\"https:\\\/\\\/www.joseconti.com\\\/cursos-online\\\/?s={search_term_string}\"},\"query-input\":{\"@type\":\"PropertyValueSpecification\",\"valueRequired\":true,\"valueName\":\"search_term_string\"}}],\"inLanguage\":\"es\"},{\"@type\":[\"Person\",\"Organization\"],\"@id\":\"https:\\\/\\\/www.joseconti.com\\\/cursos-online\\\/#\\\/schema\\\/person\\\/70180751d692bf6cd51282a0cda96a72\",\"name\":\"Jos\u00e9 Conti\",\"image\":{\"@type\":\"ImageObject\",\"inLanguage\":\"es\",\"@id\":\"https:\\\/\\\/www.joseconti.com\\\/cursos-online\\\/wp-content\\\/uploads\\\/2017\\\/12\\\/logo.png\",\"url\":\"https:\\\/\\\/www.joseconti.com\\\/cursos-online\\\/wp-content\\\/uploads\\\/2017\\\/12\\\/logo.png\",\"contentUrl\":\"https:\\\/\\\/www.joseconti.com\\\/cursos-online\\\/wp-content\\\/uploads\\\/2017\\\/12\\\/logo.png\",\"width\":421,\"height\":77,\"caption\":\"Jos\u00e9 Conti\"},\"logo\":{\"@id\":\"https:\\\/\\\/www.joseconti.com\\\/cursos-online\\\/wp-content\\\/uploads\\\/2017\\\/12\\\/logo.png\"},\"description\":\"Pertenezco al equipo de traducci\u00f3n oficial de WordPress Espa\u00f1a, soy amante de WordPress por su sencillez de uso y potencial. Trabajo con WordPress desde finales de 2004, principios de 2005. Realizo mantenimientos de webs realizadas con WordPress y WooCommerce entre otras muchas cosas.\",\"sameAs\":[\"https:\\\/\\\/www.joseconti.com\",\"https:\\\/\\\/x.com\\\/josecontic\",\"https:\\\/\\\/www.youtube.com\\\/joseconti\"]}]}<\/script>\n<!-- \/ Yoast SEO plugin. -->","yoast_head_json":{"title":"MultilingualPress - Cursos online Jos\u00e9 Conti","robots":{"index":"index","follow":"follow","max-snippet":"max-snippet:-1","max-image-preview":"max-image-preview:large","max-video-preview":"max-video-preview:-1"},"canonical":"https:\/\/www.joseconti.com\/cursos-online\/multilingualpress\/","og_locale":"es_ES","og_type":"article","og_title":"MultilingualPress - Cursos online Jos\u00e9 Conti","og_description":"[vc_row][vc_column][vc_cta h2=\u00bbEn desarrollo\u00bb h4=\u00bbEste contenido est\u00e1 en desarrollo. En breve se a\u00f1adir\u00e1n m\u00e1s tutoriales para completarlo.\u00bb txt_align=\u00bbcenter\u00bb style=\u00bbflat\u00bb color=\u00bbpeacoc\u00bb add_icon=\u00bbtop\u00bb i_icon_fontawesome=\u00bbfa fa-info-circle\u00bb i_color=\u00bbwhite\u00bb i_size=\u00bblg\u00bb][\/vc_cta][\/vc_column][\/vc_row][vc_row][vc_column][vc_basic_grid post_type=\u00bbpost\u00bb max_items=\u00bb-1&#8243; orderby=\u00bbtitle\u00bb order=\u00bbASC\u00bb item=\u00bb43&#8243; grid_id=\u00bbvc_gid:1513015755080-24ac4999-665b-8&#8243; taxonomies=\u00bb9&#8243;][\/vc_column][\/vc_row]","og_url":"https:\/\/www.joseconti.com\/cursos-online\/multilingualpress\/","og_site_name":"Cursos online Jos\u00e9 Conti","article_modified_time":"2017-12-11T18:11:51+00:00","twitter_card":"summary_large_image","twitter_site":"@josecontic","schema":{"@context":"https:\/\/schema.org","@graph":[{"@type":"WebPage","@id":"https:\/\/www.joseconti.com\/cursos-online\/multilingualpress\/","url":"https:\/\/www.joseconti.com\/cursos-online\/multilingualpress\/","name":"MultilingualPress - Cursos online Jos\u00e9 Conti","isPartOf":{"@id":"https:\/\/www.joseconti.com\/cursos-online\/#website"},"datePublished":"2017-12-11T00:14:50+00:00","dateModified":"2017-12-11T18:11:51+00:00","breadcrumb":{"@id":"https:\/\/www.joseconti.com\/cursos-online\/multilingualpress\/#breadcrumb"},"inLanguage":"es","potentialAction":[{"@type":"ReadAction","target":["https:\/\/www.joseconti.com\/cursos-online\/multilingualpress\/"]}]},{"@type":"BreadcrumbList","@id":"https:\/\/www.joseconti.com\/cursos-online\/multilingualpress\/#breadcrumb","itemListElement":[{"@type":"ListItem","position":1,"name":"Portada","item":"https:\/\/www.joseconti.com\/cursos-online\/"},{"@type":"ListItem","position":2,"name":"MultilingualPress"}]},{"@type":"WebSite","@id":"https:\/\/www.joseconti.com\/cursos-online\/#website","url":"https:\/\/www.joseconti.com\/cursos-online\/","name":"Cursos online Jos\u00e9 Conti","description":"Me gustar\u00eda cambiar el mundo, pero no encuentro el c\u00f3digo fuente","publisher":{"@id":"https:\/\/www.joseconti.com\/cursos-online\/#\/schema\/person\/70180751d692bf6cd51282a0cda96a72"},"potentialAction":[{"@type":"SearchAction","target":{"@type":"EntryPoint","urlTemplate":"https:\/\/www.joseconti.com\/cursos-online\/?s={search_term_string}"},"query-input":{"@type":"PropertyValueSpecification","valueRequired":true,"valueName":"search_term_string"}}],"inLanguage":"es"},{"@type":["Person","Organization"],"@id":"https:\/\/www.joseconti.com\/cursos-online\/#\/schema\/person\/70180751d692bf6cd51282a0cda96a72","name":"Jos\u00e9 Conti","image":{"@type":"ImageObject","inLanguage":"es","@id":"https:\/\/www.joseconti.com\/cursos-online\/wp-content\/uploads\/2017\/12\/logo.png","url":"https:\/\/www.joseconti.com\/cursos-online\/wp-content\/uploads\/2017\/12\/logo.png","contentUrl":"https:\/\/www.joseconti.com\/cursos-online\/wp-content\/uploads\/2017\/12\/logo.png","width":421,"height":77,"caption":"Jos\u00e9 Conti"},"logo":{"@id":"https:\/\/www.joseconti.com\/cursos-online\/wp-content\/uploads\/2017\/12\/logo.png"},"description":"Pertenezco al equipo de traducci\u00f3n oficial de WordPress Espa\u00f1a, soy amante de WordPress por su sencillez de uso y potencial. Trabajo con WordPress desde finales de 2004, principios de 2005. Realizo mantenimientos de webs realizadas con WordPress y WooCommerce entre otras muchas cosas.","sameAs":["https:\/\/www.joseconti.com","https:\/\/x.com\/josecontic","https:\/\/www.youtube.com\/joseconti"]}]}},"jetpack_shortlink":"https:\/\/wp.me\/P9sNL4-1o","jetpack_sharing_enabled":true,"_links":{"self":[{"href":"https:\/\/www.joseconti.com\/cursos-online\/wp-json\/wp\/v2\/pages\/86","targetHints":{"allow":["GET"]}}],"collection":[{"href":"https:\/\/www.joseconti.com\/cursos-online\/wp-json\/wp\/v2\/pages"}],"about":[{"href":"https:\/\/www.joseconti.com\/cursos-online\/wp-json\/wp\/v2\/types\/page"}],"author":[{"embeddable":true,"href":"https:\/\/www.joseconti.com\/cursos-online\/wp-json\/wp\/v2\/users\/1"}],"replies":[{"embeddable":true,"href":"https:\/\/www.joseconti.com\/cursos-online\/wp-json\/wp\/v2\/comments?post=86"}],"version-history":[{"count":0,"href":"https:\/\/www.joseconti.com\/cursos-online\/wp-json\/wp\/v2\/pages\/86\/revisions"}],"wp:attachment":[{"href":"https:\/\/www.joseconti.com\/cursos-online\/wp-json\/wp\/v2\/media?parent=86"}],"curies":[{"name":"wp","href":"https:\/\/api.w.org\/{rel}","templated":true}]}}